n factor of q and 559?
43
Let d = -710 + 723. Calculate the greatest common factor of d and 312.
13
Suppose b - 22 = -2*g, -5 = 3*b - 2*g - 31. Let k = -41 + 27. Let m = k - -20. What is the highest common factor of m and b?
6
Let w(j) = -2*j**3 - 22*j**2 - 9*j - 4. Let b be w(-11). What is the highest common factor of 19 and b?
19
Let c be (-30)/(-20)*(-20240)/(-30). Calculate the greatest common factor of c and 92.
92
Suppose -2*u - 3220 = 2*i - 4*i, 0 = u - 2. What is the highest common factor of i and 62?
62
Let z(j) = -j**3 + 7. Let u be z(0). Let v be 10/(-70) - (-2)/14 - -7. What is the highest common factor of v and u?
7
Let n be 1296/80 - (-1)/(-5). What is the greatest common divisor of n and 272?
16
Let l be 5/((-40)/68)*-6. Let i be (-1 - l)/(5 - 7). Suppose 23 = 4*y + h, -4*y + i = -5*h + 3*h. What is the highest common divisor of 12 and y?
6
Let t(q) = -316*q - 9. Let b(z) = -105*z - 3. Let c(d) = -11*b(d) + 4*t(d). Let f be c(-3). Calculate the highest common factor of 36 and f.
36
Suppose 6*t + 1374 = -174. Let j be t/(-9) + 1/((-3)/2). Calculate the highest common divisor of 14 and j.
14
Suppose 5*u - 3*u - 1182 = 4*c, 5*u + 3*c = 2981. Let j = u - 341. Suppose 3*x - 16 - j = 0. Calculate the highest common divisor of 36 and x.
18
Suppose 0 = 3*i + 9, 3*g + 4*i - 8 = 5*g. Let f be (132/g)/((-27)/90). What is the highest common factor of f and 11?
11
Suppose 0 = -w + p + 655 - 38, 2*w + 5*p - 1199 = 0. What is the highest common factor of w and 48?
12
Suppose -2 = -2*s, 0*h = -5*h + 4*s + 546. Suppose -6*r + 7*r = 4*d + 2, 5*r + 5*d = 135. What is the highest common factor of h and r?
22
Let r be (12 + 101)*2*(-2)/(-4). Suppose 0 = 3*v - 7 - r. Calculate the greatest common divisor of v and 15.
5
Suppose -t = -5*m - 20, 0*t - t - 4 = m. Let l(i) = 3*i**2 + 10*i + 1. Let q be l(m). What is the greatest common divisor of q and 72?
9
Let y(v) = -v**2 - 10*v - 11. Let w be y(-7). What is the highest common divisor of w and 15?
5
Let t(i) = 12*i**2 + i - 1. Let z be t(1). What is the highest common factor of 348 and z?
12
Suppose 7 = 10*d - 413. Calculate the greatest common divisor of d and 966.
42
Let p = -317 + 492. Let r = p + -5. Suppose -5*v + r = -1260. Calculate the highest common divisor of v and 26.
26
Suppose 0 = -k + 3*k. Suppose -y - p + 213 = k, -5*y + p + 1079 = -p. Calculate the highest common divisor of 43 and y.
43
Let l be 3 + -4 - (-4)/2. Let v(j) = -j**3 + 8*j**2 - 6*j + 10. Let c be v(7). Suppose -c = -2*d - l. What is the greatest common divisor of 64 and d?
8
Suppose -6 = -3*l, -t = -6*t + 3*l + 24. Suppose -o = -4*o + 27. Let q be 104/t + 6/o. What is the greatest common divisor of q and 12?
6
Suppose -4*u + k + 42 = -k, 85 = 5*u + 4*k. Let s = -2 + u. Let r(c) = -c**3 + 8*c**2 - 5*c - 11. Let o be r(4). What is the greatest common factor of o and s?
11
Let t(y) = 4*y**3 - 3*y**2 - y + 2. Let u be t(2). Let x(j) = j**2 + 6*j + 3. Let p be x(-7). What is the greatest common divisor of u and p?
10
Let i be (12 + (-4)/(-2))*-1. Let l be 4/i - (-114)/7. Let m = -1514 + 1522. Calculate the greatest common divisor of m and l.
8
Suppose -58*c = -c - 103569. Calculate the greatest common divisor of 69 and c.
23
Suppose -38 + 78 = 2*h. Let d = 1403 + -963. Suppose -1140 = -5*z - d. Calculate the greatest common divisor of z and h.
20
Suppose 54*v - 39 = 177. What is the greatest common divisor of 4 and v?
4
Suppose 9*i + 116 = 8*i. Let g be i/(-2) + 5 + (3 - 10). Calculate the highest common factor of g and 14.
14
Let v = 8 + -4. Suppose 0 = 3*g - g - 44. Let m be 260/g + v/22. Calculate the greatest common factor of m and 12.
12
Suppose -p - 5*k + 20 = 0, -k = 5*p - 4*k - 16. Let n = 73 - 28. Calculate the greatest common divisor of p and n.
5
Suppose 2*v = 4*v - 48. Suppose 3*y = 14 - 2. Suppose -4*q - y*k = -44, -4*q + 23 = 3*k - 26. What is the greatest common factor of v and q?
8
Let q(o) = -o**3 + 13*o**2 - 13*o - 12. Let m be q(12). Let k = -23 - m. Let n be 50/(-2 - (-3 - k)). What is the highest common divisor of n and 10?
5
Suppose 2*z - 1335 = -13*z. Let g be -10*2*(-3)/12. Let h be (z + 6)*4/g. Calculate the highest common divisor of 19 and h.
19
Let x be 6/27 - 264/(-27). Suppose -3*k = 5*t - 20, k - x = 3*k. Let g be (792/21)/2*t. Calculate the highest common divisor of g and 12.
12
Suppose 10 + 10 = n. Let h(y) be the first derivative of y**2/2 + 11*y - 23. Let v be h(-7). What is the greatest common factor of v and n?
4
Let b = -33 - 20. Let l = 133 + b. What is the highest common divisor of 16 and l?
16
Suppose 11*v - 13530 = v. Calculate the greatest common divisor of v and 33.
33
Let w be (-5)/(-40) - (-2565)/24. Suppose 2*n = w + 33. Calculate the highest common divisor of n and 28.
14
Let u be ((-19)/4)/(171/(-12) - -14). Suppose -4*j + 71 = -5. What is the greatest common factor of u and j?
19
Suppose p + 0*p = 27. Let v = -80 + 84. Suppose v*r + m - 434 = -0*r, -5*m = -5*r + 530. What is the highest common factor of r and p?
27
Let x(d) be the third derivative of -d**6/24 - d**4/12 - d**3/6 - d**2 - 13. Let w be x(-1). What is the highest common divisor of w and 9?
3
Suppose -4*n + 3*n + 72 = 0. Calculate the greatest common divisor of 804 and n.
12
Let c = -11 + 27. Suppose 2*v = 4*v - c. Suppose v*p - 192 = 2*p. Calculate the highest common divisor of p and 128.
32
Let c be 6/3 + 2*23. Suppose 79 = 6*d + u, -11*d - 43 = -14*d - u. What is the greatest common factor of c and d?
12
Let n be (-15)/3*6/(66/(-3025)). Calculate the greatest common factor of n and 55.
55
Suppose 4*x + 3*f - 111 = 0, -12 = -2*x + 4*f + 16. Suppose -3*g + 4*w = -g - 4, 2*w = -5*g + 34. Calculate the highest common divisor of x and g.
6
Suppose -35*i - 6368 = -39*i. Let o be (-2)/(-5) - (i/(-20) - 0). What is the greatest common divisor of o and 10?
10
Suppose -34 = -8*y + 94. Suppose 2*j + 0*j - y = 0. Let g be 428/6 + (-2)/(-3). Calculate the highest common factor of j and g.
8
Suppose -17*k = 3874 - 22030. Calculate the highest common divisor of 12 and k.
12
Suppose -47*c + 58*c = 1320. What is the highest common factor of 420 and c?
60
Let y(u) = u**3 - 5*u**2 - 48*u + 246. Let v be y(5). Let s be 3*((-1)/3 + 1). Calculate the highest common factor of v and s.
2
Let r(t) = -t + 146. Let v be r(20). What is the highest common factor of 315 and v?
63
Suppose 3*a + 15 = 3*o, -7 = -3*o + a - 0. Let l = o + 5. What is the highest common factor of 66 and l?
6
Suppose 2*a - 10 = 2*s, 2*s - 4*s - 2*a - 2 = 0. Let w be 0 + s + 6 + 0. Let k be (-4 + 2 + w)*22. What is the greatest common divisor of 2 and k?
2
Let r = 109 - 88. Calculate the highest common factor of 28 and r.
7
Suppose n + 0 - 3 = 3*m, -m = -3*n + 9. Suppose 0 = -2*h - m - 34. Let j = -15 - h. What is the greatest common factor of j and 14?
2
Let q(i) = -i**3 + 4*i**2 + 2. Suppose 2*c = -0*c + 5*s + 16, 3*c + 3*s = 3. Let o be q(c). Calculate the greatest common divisor of o and 44.
11
Let l = -92 + 89. Let j be (-21 - 0)/((l - -4)/(-3)). Let f(w) = -w**3 - 2*w**2 + 8*w + 7. Let a be f(-5). What is the greatest common divisor of a and j?
21
Let l be 2/7 - (-254826)/693. Calculate the highest common factor of 96 and l.
16
Let o be (11713/1105)/((-1)/(-15)). What is the greatest common divisor of o and 159?
159
Suppose 35 = 5*k - 40. Suppose 36 = 3*n - k. What is the highest common factor of 153 and n?
17
Let o be (-16)/24 + 7998/9. What is the highest common factor of o and 24?
24
Let r be 1/(4 + 17190/(-4300)). Calculate the highest common divisor of r and 30.
10
Suppose 14*y - 4*y = 560. What is the highest common divisor of y and 8?
8
Let u(a) = a**2 - 2*a - 54. Let q be u(20). What is the greatest common divisor of 54 and q?
18
Let b(u) = 3*u**2 - 11*u - 8. Let i be b(-8). Suppose 287*x - 561 = 254*x. Calculate the highest common factor of i and x.
17
Let f = -429 - -441. Calculate the greatest common divisor of f and 576.
12
Suppose -20 = 5*d + 4*z, 15 = 5*d - 2*z - z. Suppose s + 0*s - 14 = d. Suppose 77*a - 512 - 566 = 0. What is the greatest common factor of a and s?
14
Let p(h) = h**3 + 23*h**2 + 21*h - 17. Let l be p(-22). Suppose l*w - 5*b - 68 - 882 = 0, -2*b + 950 = 5*w. What is the highest common divisor of 38 and w?
38
Let b(m) = m**2 + 39*